1. Give s(-60).
-9
Let a(m) = 3*m**2 + 80*m - 90. What is a(-28)?
22
Let l(f) = -7*f**2 + 46*f + 15. What is l(7)?
-6
Let x(l) = -l**2 - 150*l + 786. Calculate x(5).
11
Let o(h) = -129*h + 85. Calculate o(3).
-302
Let r(g) = -g**3 - 135*g**2 + 10*g + 1347. Determine r(-135).
-3
Let x(r) = -r**2 + 20*r + 75. Give x(21).
54
Let m(l) = -84*l - 617. Determine m(-7).
-29
Let c(h) = 2*h**2 + 20. What is c(6)?
92
Let g(k) = 13*k**2 - 69*k + 3. What is g(7)?
157
Let a(x) = -x**3 + 7*x - 3. Determine a(-3).
3
Let c(m) = 2*m**2 - 119*m - 340. What is c(62)?
-30
Let i(l) = -21*l**2 + 434*l + 128. What is i(21)?
-19
Let c(k) = -k**2 + 85*k - 199. Determine c(82).
47
Let z(d) = 4*d**3 - 47*d**2 - 9*d - 45. Give z(12).
-9
Let a(c) = -11*c - 207. Give a(11).
-328
Let t(h) = -h**3 + 6*h**2 - 6*h + 15. Determine t(4).
23
Let c(t) = -t**3 + 33*t**2 - 101*t - 74. Give c(30).
-404
Let r(l) = 41*l**2 - 15259*l + 2612. What is r(372)?
8
Let i(b) = -b**3 - 26*b**2 - 5*b - 552. What is i(-27)?
312
Let b(x) = -3*x**3 - 13*x**2 + 33*x + 106. What is b(-5)?
-9
Let y(o) = 4*o**3 - 21*o**2 + 41*o - 49. Give y(3).
-7
Let u(n) = 40*n + 1325. Give u(-35).
-75
Let w(z) = -2*z**2 + 4960*z + 14895. Determine w(-3).
-3
Let h(k) = -93*k + 2. Determine h(-2).
188
Let r(v) = 264*v - 1889. Calculate r(8).
223
Let w(k) = k**3 + 42*k**2 - 87*k + 116. Calculate w(-44).
72
Let f(k) = k**2 - 199*k + 4331. What is f(25)?
-19
Let u(k) = 30*k**2 - 8*k - 3. Determine u(-1).
35
Let k(l) = -2*l**3 + 93*l**2 - 517*l - 163. Calculate k(40).
-43
Let t(o) = o**2 - 41*o - 281. Give t(46).
-51
Let n(t) = t**3 - 58*t**2 + 175*t + 2221. Give n(54).
7
Let p(w) = w**3 + 26*w**2 - 92*w - 215. Give p(-29).
-70
Let s(i) = -75*i + 775. Calculate s(11).
-50
Let c(j) = -j**2 + 58*j - 450. Calculate c(8).
-50
Let t(h) = -72*h + 583. Determine t(8).
7
Let d(r) = -r**2 + 6*r - 131. Give d(11).
-186
Let q(j) = 4*j**2 - 16*j - 16. Calculate q(0).
-16
Let r(l) = l**3 - 26*l**2 - 30*l - 143. Determine r(27).
-224
Let z(m) = -m**2 - 58*m + 531. Give z(8).
3
Let l(m) = -23*m + 47. Give l(1).
24
Let z(j) = -j**3 - 8*j**2 - 3*j + 24. What is z(-6)?
-30
Let s(k) = -214*k + 5244. Determine s(24).
108
Let g(t) = -t**3 + 80*t**2 + 26*t - 1726. Determine g(80).
354
Let k(o) = -22*o**2 - 54*o + 12. Calculate k(-3).
-24
Let o(s) = 17*s - 774. Calculate o(44).
-26
Let r(d) = -353*d - 3482. Give r(-10).
48
Let x(c) = -c**2 - 629*c - 17975. Calculate x(-30).
-5
Let n(a) = -a**2 - 26*a + 185. Calculate n(7).
-46
Let z(v) = -2*v**3 - 9*v**2 - 13*v - 32. Give z(-9).
814
Let c(d) = 115*d**2 + 344*d. Calculate c(-3).
3
Let d(c) = -c**2 + 25*c - 159. Give d(17).
-23
Let h(w) = w**2 + 14*w + 45. Calculate h(-4).
5
Let a(g) = -2*g**3 + 181*g**2 - 269*g + 183. Calculate a(89).
5
Let s(j) = -j**2 + 11*j + 23. Give s(5).
53
Let v(z) = 33*z - 1533. Determine v(42).
-147
Let h(q) = 68*q - 241. What is h(4)?
31
Let k(q) = q**2 + 27*q - 1303. What is k(-52)?
-3
Let p(m) = -14*m**2 - 369*m - 1567. Determine p(-21).
8
Let w(r) = -132*r - 790. Determine w(-6).
2
Let j(d) = -4*d**3 + 10*d**2 - 6*d + 6. What is j(3)?
-30
Let b(u) = 2*u**3 - 46*u**2 + 43*u + 23. What is b(22)?
1
Let k(o) = 13*o**3 - 88*o**2 - 7*o + 12. Give k(7).
110
Let o(t) = -6*t - 82. What is o(-43)?
176
Let k(l) = 9*l + 699. Give k(-75).
24
Let n(f) = f**3 - 4*f - 32. Calculate n(0).
-32
Let y(q) = -5315*q - 63787. What is y(-12)?
-7
Let v(t) = 2*t**2 - 5*t - 149. Calculate v(5).
-124
Let k(i) = 444*i + 4888. Give k(-11).
4
Let x(b) = -4477*b + 35814. Determine x(8).
-2
Let a(o) = -6*o**2 + 62*o - 142. Give a(4).
10
Let d(f) = 4*f**2 + 7*f + 36. What is d(-4)?
72
Let h(p) = -103*p + 534. Determine h(5).
19
Let r(s) = 122*s - 2183. Determine r(18).
13
Let y(h) = 177*h + 122. Determine y(-1).
-55
Let d(a) = 2*a**3 - 5*a**2 - 4*a + 4. What is d(-3)?
-83
Let d(k) = 12*k**2 + 452*k - 152. Give d(-38).
0
Let k(c) = -c**3 + 44*c**2 - 256*c - 120. Determine k(37).
-9
Let q(l) = -38*l + 1516. What is q(43)?
-118
Let x(q) = -q**2 + 335*q - 1304. Give x(4).
20
Let r(d) = -d**3 - 152*d**2 + 158*d + 752. Give r(-153).
-13
Let v(u) = -u**2 + 33*u - 110. Give v(22).
132
Let q(c) = -2*c**2 + 22*c + 182. Give q(16).
22
Let t(i) = -6*i**2 - 11*i + 134. Give t(4).
-6
Let d(k) = k**3 - 2*k**2 - 45*k + 93. Give d(6).
-33
Let v(m) = -49*m - 45. Give v(0).
-45
Let s(o) = o**3 + 6*o**2 - 90*o + 31. What is s(-13)?
18
Let j(f) = -339*f**2 + 3057*f - 26. Calculate j(9).
28
Let q(f) = f**2 + 359*f - 11258. Calculate q(29).
-6
Let m(d) = -d**3 + 11*d**2 - 30*d - 14. Determine m(10).
-214
Let x(z) = z**2 - 49*z - 1074. Determine x(-22).
488
Let w(q) = 8*q**3 + 10*q**2 - 13*q - 2. Determine w(1).
3
Let m(l) = -9*l**2 - 34*l + 257. Calculate m(6).
-271
Let o(k) = -16*k - 2313. What is o(-145)?
7
Let p(j) = 137*j - 668. Calculate p(5).
17
Let q(k) = -300*k + 1485. Give q(5).
-15
Let k(g) = -12*g + 48. Calculate k(32).
-336
Let z(t) = -t**2 + 175*t - 3318. Determine z(22).
48
Let s(l) = -l**3 - 26*l**2 - 163*l + 70. What is s(-14)?
0
Let v(j) = 905*j + 3708. Determine v(-4).
88
Let p(m) = -27*m**2 - 236*m + 53. Calculate p(-9).
-10
Let l(j) = 33*j**2 - 3498*j - 20. Determine l(106).
-20
Let d(q) = 198*q + 2196. Give d(-11).
18
Let u(m) = 11*m - 110. What is u(39)?
319
Let s(o) = 2*o**2 + 47*o + 97. Give s(-21).
-8
Let r(y) = 19*y - 118. Determine r(13).
129
Let a(r) = r**2 + 238*r - 7153. Calculate a(27).
2
Let x(o) = -o**3 + 11*o**2 - 81*o + 272. What is x(5)?
17
Let b(g) = -12*g + 61. Give b(6).
-11
Let z(b) = 51*b + 2752. Determine z(-54).
-2
Let d(z) = z**2 + 41*z - 556. Give d(9).
-106
Let p(r) = 94*r + 216. Determine p(-2).
28
Let s(t) = t**3 - 34*t**2 - 161*t - 37. Give s(-4).
-1
Let w(o) = o**3 + 2*o**2 - 14*o + 16. Calculate w(-5).
11
Let l(z) = z**3 - 51*z**2 + 385*z - 303. Give l(42).
-9
Let b(o) = -4*o**2 + 58*o + 41. Give b(15).
11
Let v(m) = m**3 + 38*m**2 - 164*m + 90. Give v(-42).
-78
Let f(r) = 104*r - 221. What is f(4)?
195
Let m(o) = -13*o**2 - 94*o - 38. Calculate m(-7).
-17
Let w(x) = x**2 - 49. Give w(8).
15
Let v(t) = t**3 - 66*t**2 + 696*t - 372. Calculate v(53).
-1
Let b(q) = -q**2 + 1179*q - 90971. Calculate b(83).
-3
Let b(y) = y**3 - 19*y**2 - 9*y - 382. Calculate b(20).
-162
Let g(r) = r**3 + 31*r**2 - 6*r - 1901. Determine g(-29).
-45
Let z(w) = 11*w**3 + w**2 + 4*w - 13. Calculate z(3).
305
Let k(z) = 515*z - 2003. Determine k(4).
57
Let x(v) = v**3 + 9*v**2 - 92*v - 844. Calculate x(-9).
-16
Let m(p) = -p**2 + 70. What is m(-12)?
-74
Let q(m) = -m**3 - 148*m**2 - 296*m - 584. Calculate q(-146).
0
Let x(t) = 2*t**3 + 272*t**2 + 3625*t - 595. Give x(-121).
10
Let y(q) = -q**2 + 75*q + 27. Calculate y(0).
27
Let y(n) = 29*n - 162. Determine y(8).
70
Let c(y) = 50*y**2 + 499*y - 1. What is c(-10)?
9
Let d(v) = 45*v - 462. Determine d(2).
-372
Let u(k) = -3*k**3 - 13*k**2 + 63*k - 6. Determine u(-7).
-55
Let s(k) = -k**3 + 6*k**2 - 5*k + 13. Determine s(4).
25
Let u(s) = -s**3 + 6*s**2 + 10*s - 19. Give u(6).
41
Let r(p) = -8*p**2 + p + 12. What is r(8)?
-492
Let f(u) = -2*u**2 - 21*u + 36. What is f(-12)?
0
Let i(u) = -133*u**2 - 6253*u - 89. Calculate i(-47).
5
Let t(u) = u**3 - 5*u**2 + 15*u - 30. Calculate t(3).
-3
Let h(w) = 28*w**2 - 753*w - 57. Give h(27).
24
Let g(n) = n**2 + 146*n + 4854. Calculate g(-95).
9
Let x(f) = -2*f**3 + 26*f**2 - 32*f - 51. What is x(10)?
229
Let t(n) = -5*n**3 + 96*n**2 + 192*n - 69. What is t(21)?
-6
Let c(k) = 109*k - 30180. Determine c(277).
13
Let o(x) = -x**2 - 96*x - 2140. Calculate o(-61).
-5
Let a(j) = 2*j**2 + 53*j + 69. What is a(-24)?
-51
Let a(p) = -p**3 + 6*p**2 - 11*p + 73. Determine a(8).
-143
Let m(f) = 3*f**3 - 37*f**2 - 64*f - 74. Calculate m(14).
10
Let m(l) = 34*l**2 + 206*l + 14. Determine m(-6).
2
Let l(z) = -2*z**2 + 68*z + 208. Give l(38).
-96
Let j(c) = 14*c - 12. Give j(2).
16
Let v(x) = -3*x**3 - x**2 + 24*x - 8. Give v(5).
-288
Let w(b) = -9*b**2 - 256*b + 989. Determine w(4).
-179
Let u(w) = -w**2 - 15*w + 233. What is u(-25)?
-17
Let n(p) = 811*p - 1652. What is n(2)?
-30
Let f(o) = 24*o + 17. Determine f(5).
137
Let p(w) = 593*w - 21358. Give p(36).
-10
Let c(f) = 2*f**3 + 13*f**2 + 37*f + 46. What is c(-3)?
-2
Let r(n) = -n**2 + 27*n + 180. Calculate r(28).
152
Let i(u) = u**2 - 74*u - 2488. Give i(-25).
-13
Let 